{"id":4,"date":"2017-09-27T22:38:18","date_gmt":"2017-09-28T01:38:18","guid":{"rendered":"http:\/\/4verbos.com.br\/?page_id=4"},"modified":"2021-12-09T15:03:46","modified_gmt":"2021-12-09T18:03:46","slug":"sobre","status":"publish","type":"page","link":"https:\/\/4verbos.com.br\/blog\/sobre\/","title":{"rendered":"Sobre"},"content":{"rendered":"<p>Quando nos reunimos para dar vida ao\u00a0<strong>4 Verbos<\/strong>\u00a0est\u00e1vamos mais do que cientes do que quer\u00edamos. E chegamos l\u00e1 muito r\u00e1pido,\u00a0nem foi preciso amassar muitas folhas de papel. Estava pronto, era um quebra-cabe\u00e7a com pouqu\u00edssimas pe\u00e7as. Por isso n\u00e3o tinha como ser diferente, havia muita mat\u00e9ria-prima e sinergia entre n\u00f3s. O ponto onde quer\u00edamos chegar era o mesmo para todos. Ent\u00e3o chegamos. Reunimos os verbos vitais que resumem a vida e todas as coisas boas que se pode fazer com ela. E quer saber? \u00c9 s\u00f3 isso que importa:\u00a0<strong>viver com excel\u00eancia.<\/strong><\/p>\n<p>Na teoria, \u00e9 um blog sobre comportamento, estilo de vida e, claro, ideais p\u00f3s-modernistas. Na pr\u00e1tica, \u00e9 a arte do bem viver. T\u00e3o somente isso. Criamos o\u00a0<strong>4 Verbos<\/strong>\u00a0enquanto corr\u00edamos, uma das melhores met\u00e1foras da vida que existem. N\u00e3o precisava ser s\u00e9rio, tamb\u00e9m n\u00e3o poderia ser f\u00fatil a ponto de criticar o senso-comum. Tinha que ser leve, com um layout maneiro, mas sem muita preocupa\u00e7\u00e3o com as regras. Regras, quando n\u00e3o necess\u00e1rias, envenenam tudo.<\/p>\n<p>Voc\u00ea, consciente ou inconscientemente, escolhe o que faz, os amigos que tem, o lugar onde vive, as comidas que come, os <a href=\"https:\/\/4verbos.com.br\/blog\/primeiros-livros-nao-sao-feitos-para-serem-bons\/\">livros<\/a> que l\u00ea, o time que torce, os filmes que critica. Se quiser, escolhe n\u00e3o ver nada, n\u00e3o fazer nada, n\u00e3o torcer por nada. \u00c9 igualmente uma escolha. Voc\u00ea escolhe ser otimista ou pessimista, liberal ou conservador, saud\u00e1vel ou doente, homem ou mulher, inclusive. \u00a0Estamos aqui porque a busca por respostas nos faz esquecer do nosso imenso poder de criar, de mudar o que bem entender. No fim, \u00e9 a cria\u00e7\u00e3o que impulsiona.<\/p>\n<p>Criamos um lugar para provar que voc\u00ea tem o <a href=\"https:\/\/4verbos.com.br\/blog\/detetizador-o-que-e-como-funciona-e-onde-encontrar\/\">controle<\/a> absoluto sobre a sua vida. Voc\u00ea pode assistir, degustar, pensar e fazer tudo o que faz algum sentido para voc\u00ea. N\u00e3o queremos que voc\u00ea n\u00e3o fa\u00e7a. Lembre-se sempre: n\u00e3o \u00e9 dif\u00edcil criar. Voc\u00ea se surpreenderia se descobrisse at\u00e9 onde pode ir se parasse de se podar. T\u00eam coisas incr\u00edveis acontecendo l\u00e1 fora. Mas seu c\u00e9rebro incr\u00edvel n\u00e3o sabe disso, ele s\u00f3 faz s\u00f3 o que voc\u00ea manda, e quando voc\u00ea diz para ele n\u00e3o fazer, ele obedece com disciplina militar.<\/p>\n<p><strong>Escolha um verbo e comece.<\/strong><\/p>\n","protected":false},"excerpt":{"rendered":"<p>Quando nos reunimos para dar vida ao\u00a04 Verbos\u00a0est\u00e1vamos mais do que cientes do que quer\u00edamos. E chegamos l\u00e1 muito r\u00e1pido,\u00a0nem foi preciso amassar muitas folhas de papel. Estava pronto, era&hellip; <\/p>\n","protected":false},"author":3,"featured_media":0,"parent":0,"menu_order":0,"comment_status":"closed","ping_status":"closed","template":"","meta":{"footnotes":""},"yoast_head":"<!-- This site is optimized with the Yoast SEO plugin v20.13 - https:\/\/yoast.com\/wordpress\/plugins\/seo\/ -->\n<title>Sobre - Blog de Noticias e Artigos 4 Verbos<\/title>\n<meta name=\"robots\" content=\"index, follow, max-snippet:-1, max-image-preview:large, max-video-preview:-1\" \/>\n<link rel=\"canonical\" href=\"https:\/\/4verbos.com.br\/blog\/sobre\/\" \/>\n<meta property=\"og:locale\" content=\"pt_BR\" \/>\n<meta property=\"og:type\" content=\"article\" \/>\n<meta property=\"og:title\" content=\"Sobre - Blog de Noticias e Artigos 4 Verbos\" \/>\n<meta property=\"og:description\" content=\"Quando nos reunimos para dar vida ao\u00a04 Verbos\u00a0est\u00e1vamos mais do que cientes do que quer\u00edamos. E chegamos l\u00e1 muito r\u00e1pido,\u00a0nem foi preciso amassar muitas folhas de papel. Estava pronto, era&hellip;\" \/>\n<meta property=\"og:url\" content=\"https:\/\/4verbos.com.br\/blog\/sobre\/\" \/>\n<meta property=\"og:site_name\" content=\"Blog de Noticias e Artigos 4 Verbos\" \/>\n<meta property=\"article:modified_time\" content=\"2021-12-09T18:03:46+00:00\" \/>\n<meta name=\"twitter:card\" content=\"summary_large_image\" \/>\n<meta name=\"twitter:label1\" content=\"Est. tempo de leitura\" \/>\n\t<meta name=\"twitter:data1\" content=\"2 minutos\" \/>\n<script type=\"application\/ld+json\" class=\"yoast-schema-graph\">{\"@context\":\"https:\/\/schema.org\",\"@graph\":[{\"@type\":\"WebPage\",\"@id\":\"https:\/\/4verbos.com.br\/blog\/sobre\/\",\"url\":\"https:\/\/4verbos.com.br\/blog\/sobre\/\",\"name\":\"Sobre - Blog de Noticias e Artigos 4 Verbos\",\"isPartOf\":{\"@id\":\"https:\/\/4verbos.com.br\/blog\/#website\"},\"datePublished\":\"2017-09-28T01:38:18+00:00\",\"dateModified\":\"2021-12-09T18:03:46+00:00\",\"breadcrumb\":{\"@id\":\"https:\/\/4verbos.com.br\/blog\/sobre\/#breadcrumb\"},\"inLanguage\":\"pt-BR\",\"potentialAction\":[{\"@type\":\"ReadAction\",\"target\":[\"https:\/\/4verbos.com.br\/blog\/sobre\/\"]}]},{\"@type\":\"BreadcrumbList\",\"@id\":\"https:\/\/4verbos.com.br\/blog\/sobre\/#breadcrumb\",\"itemListElement\":[{\"@type\":\"ListItem\",\"position\":1,\"name\":\"In\u00edcio\",\"item\":\"https:\/\/4verbos.com.br\/blog\/\"},{\"@type\":\"ListItem\",\"position\":2,\"name\":\"Sobre\"}]},{\"@type\":\"WebSite\",\"@id\":\"https:\/\/4verbos.com.br\/blog\/#website\",\"url\":\"https:\/\/4verbos.com.br\/blog\/\",\"name\":\"Blog de Noticias e Artigos 4 Verbos\",\"description\":\"Central de Artigos 4 Verbos\",\"potentialAction\":[{\"@type\":\"SearchAction\",\"target\":{\"@type\":\"EntryPoint\",\"urlTemplate\":\"https:\/\/4verbos.com.br\/blog\/?s={search_term_string}\"},\"query-input\":\"required name=search_term_string\"}],\"inLanguage\":\"pt-BR\"}]}<\/script>\n<!-- \/ Yoast SEO plugin. -->","yoast_head_json":{"title":"Sobre - Blog de Noticias e Artigos 4 Verbos","robots":{"index":"index","follow":"follow","max-snippet":"max-snippet:-1","max-image-preview":"max-image-preview:large","max-video-preview":"max-video-preview:-1"},"canonical":"https:\/\/4verbos.com.br\/blog\/sobre\/","og_locale":"pt_BR","og_type":"article","og_title":"Sobre - Blog de Noticias e Artigos 4 Verbos","og_description":"Quando nos reunimos para dar vida ao\u00a04 Verbos\u00a0est\u00e1vamos mais do que cientes do que quer\u00edamos. E chegamos l\u00e1 muito r\u00e1pido,\u00a0nem foi preciso amassar muitas folhas de papel. Estava pronto, era&hellip;","og_url":"https:\/\/4verbos.com.br\/blog\/sobre\/","og_site_name":"Blog de Noticias e Artigos 4 Verbos","article_modified_time":"2021-12-09T18:03:46+00:00","twitter_card":"summary_large_image","twitter_misc":{"Est. tempo de leitura":"2 minutos"},"schema":{"@context":"https:\/\/schema.org","@graph":[{"@type":"WebPage","@id":"https:\/\/4verbos.com.br\/blog\/sobre\/","url":"https:\/\/4verbos.com.br\/blog\/sobre\/","name":"Sobre - Blog de Noticias e Artigos 4 Verbos","isPartOf":{"@id":"https:\/\/4verbos.com.br\/blog\/#website"},"datePublished":"2017-09-28T01:38:18+00:00","dateModified":"2021-12-09T18:03:46+00:00","breadcrumb":{"@id":"https:\/\/4verbos.com.br\/blog\/sobre\/#breadcrumb"},"inLanguage":"pt-BR","potentialAction":[{"@type":"ReadAction","target":["https:\/\/4verbos.com.br\/blog\/sobre\/"]}]},{"@type":"BreadcrumbList","@id":"https:\/\/4verbos.com.br\/blog\/sobre\/#breadcrumb","itemListElement":[{"@type":"ListItem","position":1,"name":"In\u00edcio","item":"https:\/\/4verbos.com.br\/blog\/"},{"@type":"ListItem","position":2,"name":"Sobre"}]},{"@type":"WebSite","@id":"https:\/\/4verbos.com.br\/blog\/#website","url":"https:\/\/4verbos.com.br\/blog\/","name":"Blog de Noticias e Artigos 4 Verbos","description":"Central de Artigos 4 Verbos","potentialAction":[{"@type":"SearchAction","target":{"@type":"EntryPoint","urlTemplate":"https:\/\/4verbos.com.br\/blog\/?s={search_term_string}"},"query-input":"required name=search_term_string"}],"inLanguage":"pt-BR"}]}},"_links":{"self":[{"href":"https:\/\/4verbos.com.br\/blog\/wp-json\/wp\/v2\/pages\/4"}],"collection":[{"href":"https:\/\/4verbos.com.br\/blog\/wp-json\/wp\/v2\/pages"}],"about":[{"href":"https:\/\/4verbos.com.br\/blog\/wp-json\/wp\/v2\/types\/page"}],"author":[{"embeddable":true,"href":"https:\/\/4verbos.com.br\/blog\/wp-json\/wp\/v2\/users\/3"}],"replies":[{"embeddable":true,"href":"https:\/\/4verbos.com.br\/blog\/wp-json\/wp\/v2\/comments?post=4"}],"version-history":[{"count":2,"href":"https:\/\/4verbos.com.br\/blog\/wp-json\/wp\/v2\/pages\/4\/revisions"}],"predecessor-version":[{"id":4730,"href":"https:\/\/4verbos.com.br\/blog\/wp-json\/wp\/v2\/pages\/4\/revisions\/4730"}],"wp:attachment":[{"href":"https:\/\/4verbos.com.br\/blog\/wp-json\/wp\/v2\/media?parent=4"}],"curies":[{"name":"wp","href":"https:\/\/api.w.org\/{rel}","templated":true}]}}